6. List the prime factors of z(a).
3
Let c = 2 - 0. Suppose 0 = -3*q + c*l + 17, q - 2*l + 1 - 4 = 0. List the prime factors of q.
7
Let o = 6 + -4. What are the prime factors of -1 - (o + (-12 - -1))?
2
Suppose -3*q + 12*q = 2034. List the prime factors of q.
2, 113
Let n = 4 - 0. Suppose n*t + 76 = 5*i, 77 = 5*i - 5*t - 3. List the prime factors of i.
2, 3
Suppose w - 87 = 12. List the prime factors of w.
3, 11
What are the prime factors of 1254/88*40/6?
5, 19
Suppose 0*b - 9 = -3*b. Let g be 1*-1 - b/(-3). Suppose 3*s + 1 = -c + 3, g = 3*c + 3*s - 6. What are the prime factors of c?
2
Let j = 3 + -1. What are the prime factors of j?
2
Let n = 106 - -29. Suppose -4*x + 3*h = 41 - 149, -5*x + 3*h = -n. List the prime factors of x.
3
Suppose 18 = -3*t + 54. Suppose -38 = -2*f + t. List the prime factors of f.
5
Let q = 4 + -1. Suppose 0 = -g + q - 9. List the prime factors of (-45)/g*2/3.
5
Let t = -92 + 164. List the prime factors of t.
2, 3
Let v(s) = -s**3 + 10*s**2 + 5*s - 2. List the prime factors of v(10).
2, 3
Let k(b) = -b**3 + 4*b**2 - 1. Let d be k(4). Let m be 201/9 - d/(-3). Suppose h + 2 + 6 = f, h - m = -4*f. List the prime factors of f.
2, 3
Suppose 0 = 4*r - 3*r - 1. Let y = r - -2. List the prime factors of y/(-9) - (-21)/9.
2
Suppose -2*p - 28 - 74 = -2*j, -p + 93 = 2*j. Let w = j + -34. What are the prime factors of w?
2, 7
Suppose 5*l - 6*l + 3 = 0. Suppose 2*d - 44 = -3*q, -2*q + 78 = l*d + 22. What are the prime factors of d?
2
Let i = -2 - 0. Let m be (-4*1)/(i/3). Suppose 0*w = 3*w - m. List the prime factors of w.
2
Let g = 125 + -62. What are the prime factors of g?
3, 7
Suppose -224 + 776 = 6*u. Let t = u - 55. What are the prime factors of t?
37
List the prime factors of ((-33)/(-2))/((-9)/(-12)).
2, 11
What are the prime factors of 12/(0 - 3) + 46*2?
2, 11
Let j(h) = h**3 - 12*h**2 + 2*h + 1. Let w be j(12). Suppose -2*y - 3 = -3*r - 1, r = 4*y - 16. Suppose 0*c + y*c = w. List the prime factors of c.
5
Suppose 0*j + 3*j - 87 = 0. Suppose 4*w = 0, w - j = -l + 3. List the prime factors of l.
2
Let q(x) = -7*x. Let o(n) = -13*n - 1. Let z(b) = -6*o(b) + 11*q(b). What are the prime factors of z(9)?
3, 5
Let i = 10 + -12. Let u = i + 26. What are the prime factors of u?
2, 3
Suppose -64 = -3*c - 265. Let n = c + 97. List the prime factors of n.
2, 3, 5
Suppose 4 - 152 = -4*s. Let w = 67 - s. List the prime factors of w.
2, 3, 5
Let k(b) = b**2 - 7*b - 4. What are the prime factors of k(-5)?
2, 7
Let p be 2 - (1 - 0)*-1. Let s(t) = 4*t**2 + t**3 - t**2 + 3*t + 2*t**2 + p. What are the prime factors of s(-4)?
7
Let w(p) = -p**3 + p**2 + p + 24. Let n(q) = q**3 - 3*q**2 + 2*q. Let x be n(2). List the prime factors of w(x).
2, 3
Let t = -7 - -2. What are the prime factors of (46/(-10) + 1)*t?
2, 3
Let n be ((-4)/(-12))/(3/27). Suppose -27 = -2*v - n. What are the prime factors of v?
2, 3
Let u(n) be the second derivative of -n**4/12 + 4*n**3/3 - 7*n**2/2 - 3*n. Let x(i) = -3*i - 1. Let a be x(-2). What are the prime factors of u(a)?
2
Let w = -16 - -27. Suppose -4*i - 3 + w = 0, 3*k - 106 = -2*i. Let h = -20 + k. What are the prime factors of h?
2, 7
Let m = 3 - 0. Suppose n = -4*b + 2, -m*n + 30 = -4*b - 24. List the prime factors of n.
2, 7
Suppose 4*l = -20 + 68. Suppose 0 = -4*z + l + 60. List the prime factors of z.
2, 3
Suppose 0*m - 9 = -3*m. Let c be -1 + 3 - m/1. Let h(q) = -2*q**3 - q**2 - q. What are the prime factors of h(c)?
2
Suppose 0 = -3*p + 105 + 252. What are the prime factors of p?
7, 17
List the prime factors of (-15)/10*(-736)/12.
2, 23
Let h be (1 - 34/(-6))*6. Suppose h = 3*q - 5*s, 0 = 7*q - 2*q + 2*s - 108. What are the prime factors of q?
2, 5
What are the prime factors of 6/9*63 + -1?
41
Let z(p) be the third derivative of -p**6/60 + p**4/6 + p**3/2 - p**2. What are the prime factors of z(-2)?
11
Let i = 4 + -9. Let o be (-1 + 5)*i/(-10). What are the prime factors of (2 + 0)/o - -13?
2, 7
Let f be (-3)/(-12) + 23/4. Let h be f/9 - 100/6. Let g = h - -32. List the prime factors of g.
2
Let j = 14 - 6. Let g = -16 + j. Let k = 13 + g. List the prime factors of k.
5
Let h = 24 + 5. Suppose -30 = i - 3*i + 4*k, -3*i - 2*k = -h. List the prime factors of i.
11
Suppose 0 = t, -62 = -5*a - 3*t + 3. List the prime factors of a.
13
Suppose -5*v - 5*t = 22 + 18, 2*v + 5*t = -25. Let w = 9 + v. List the prime factors of w.
2
Let o = 8 + -4. Suppose -o*g = g + 4*u + 8, g + 3*u = -6. Suppose 3*a - 2*z = 20, g = -a - 0*z - 5*z + 35. List the prime factors of a.
2, 5
Suppose -37*w = -41*w + 276. List the prime factors of w.
3, 23
Suppose -2*j + 0*k + 5*k = -83, 67 = 3*j + 4*k. What are the prime factors of j?
29
Suppose -5*s + 4*p + 1225 = -0*p, 3*p + 245 = s. List the prime factors of s.
5, 7
Let c(l) = l**3 + 9*l**2 - 3*l - 3. Let z be c(-4). Suppose -5*p + z = -111. Let o = -27 + p. List the prime factors of o.
13
Suppose 5*g - 3*o = 244, 2*o = g - 0*g - 53. What are the prime factors of g?
47
Suppose g - 5 = -2*i - 1, -8 = g - 4*i. Suppose g = -0*y + 2*y - 50. List the prime factors of y.
5
Let x(t) = 5*t - 4. Let w be x(6). Suppose -3*g + f + 30 = g, 2*g + 5*f = w. What are the prime factors of g?
2
Suppose 104 = 2*c + 4*p, 4*c - 64 = -5*p + 138. What are the prime factors of c?
2, 3
Suppose 0 = -0*c + c - 3*t + 11, 21 = -c + 5*t. List the prime factors of c.
2
Let k(r) = r**2 + 3*r - 2. Let c be k(-3). Let a(z) = -z + 1. What are the prime factors of a(c)?
3
What are the prime factors of ((-48)/(-4))/(12/8)?
2
Suppose -3*v + 408 = 5*n, -v + 0*n + 122 = -3*n. What are the prime factors of v?
131
Suppose -2*c - c + 90 = 0. List the prime factors of c.
2, 3, 5
Let m(w) = -w**2 - 7*w - 6. Let p be m(-4). Suppose -4*h = -38 - p. What are the prime factors of h?
11
Let j(z) = 8*z**2 - z. Let o be j(2). Suppose 3*p = -0*p + o. What are the prime factors of p?
2, 5
Suppose 2*t - 21 = -t. Suppose x + 2*s - 3 = t*s, -1 = 3*x - 5*s. List the prime factors of -1 + (1 + x)*-10.
3
Suppose 0*f - f - 4*t + 12 = 0, -2*t - 106 = -3*f. What are the prime factors of f?
2
Suppose 0 = 3*m - 12 - 12. Let r(o) = o**2 - 6*o + 7. What are the prime factors of r(m)?
23
Suppose -2*t = t - 3. Let i(o) = 13*o + 10*o**3 + 2*o**2 - 2*o**3 - 14*o. What are the prime factors of i(t)?
3
Let r(k) be the first derivative of k**6/360 + k**4/12 - k**3/3 + 1. Let p(j) be the third derivative of r(j). List the prime factors of p(0).
2
Let n(v) = -2*v**2 + 25*v + 10. Let m = 1 - 12. Let p(o) = -o**2 + 13*o + 5. Let k(y) = m*p(y) + 6*n(y). What are the prime factors of k(7)?
5
Suppose 2*v - 365 = -2*v - j, -v - 3*j = -94. What are the prime factors of v?
7, 13
Let c(g) = 25*g + 1. List the prime factors of c(2).
3, 17
Suppose 3*z - 69 = -6*p + 3*p, -2*p + 4 = 0. What are the prime factors of z?
3, 7
Suppose 128 = -7*b + 3*b. Let g = b - -49. List the prime factors of g.
17
Let v = 7 + -3. Suppose v*u - h - 43 = -4*h, h - 12 = -u. List the prime factors of u.
7
Suppose 4*i - 187 = 4*y - i, -3*i = 3*y + 120. Let k = 67 + y. Suppose 8 + k = 2*b. List the prime factors of b.
2
Let q be (-2 - (-4 - -1))*69. Let h = q - 4. Suppose 3*g - 2*f + 4 - h = 0, 4*g = 4*f + 80. What are the prime factors of g?
3, 7
Let i(g) = -g**2 - 4*g. Let v be i(-3). List the prime factors of v - 0 - (-80)/4.
23
What are the prime factors of ((-225)/(-10))/((-3)/(-8))?
2, 3, 5
Suppose 10*l - 3473 + 173 = 0. What are the prime factors of l?
2, 3, 5, 11
Let t(w) = -w**3 - 3*w**2 - 4*w - 3. Let i be t(-3). Let d be (-18)/8 + (-1)/(-4). What are the prime factors of (6/i)/(d/(-27))?
3
Let z be ((-8)/3)/(2/(-3)). Let g = 3 - z. What are the prime factors of ((-52)/(-8))/(g/(-2))?
13
Let n be 0 + -8 - (1 + -1). What are the prime factors of (-4)/16 - 18/n?
2
Suppose -2*t - 35 = 15. What are the prime factors of (-715)/t - (-6)/(-10)?
2, 7
Let n(p) = p**3 + 5*p**2 + 2*p - 5. Let j(a) = -a**2 - a + 1. Let q(k) = -3*j(k) + n(k). What are the prime factors of q(-7)?
2, 3
Let o = 108 + -54. List the prime factors of o.
2, 3
Let f = -13 + 9. Let r(y) be the second derivative of -y**4/12 - 5*y**3/6 + y**2 + y. List the prime factors of r(f).
2, 3
Suppose -3*a + 15 = 2*h, -2*h - 4*a = h - 20. Let m(k) = k + 3. Let f be m(h). Suppose -50 = -5*b - f*c, 4*b - 11 - 29 = 4*c. What are 